3 - 2*h**2 + 3*h - 1. Calculate f(-8).
-36
Let f(d) = 4*d**2 - 32*d + 37. Let k(w) = w**2 - 8*w + 9. Let l(g) = 2*f(g) - 9*k(g). Let i(c) = c**3 - 2*c**2 - 2*c + 8. Let m be i(0). Calculate l(m).
-7
Let g(k) = -36*k + 4 - 34*k + 69*k. What is g(-4)?
8
Suppose -m + 5 = 0, 2 = f - 0*f + 2*m. Let c(u) = 2*u + 9. Calculate c(f).
-7
Suppose 14*o = 17*o + 2*w - 33, 2*o = -5*w + 11. Let v(j) = -j**2 + 14*j - 11. What is v(o)?
2
Let n = -23 + 158. Suppose -i + 129 = n. Let c(d) = -d**3 - 5*d**2 + 8*d + 4. Determine c(i).
-8
Let u(n) = 8*n**3 - 3*n**2 - n + 6. Let j(y) = 7*y**3 - 3*y**2 - y + 5. Suppose -4*p = -4*i - 20, -3*p + 24 = 5*i - 7. Let s(x) = p*j(x) - 6*u(x). Give s(3).
-4
Let a(f) = 2*f**2 + 4*f + 3. Let r = -20 + 48. Suppose 2*q + r = 5*o - 0*q, q = 3*o - 17. Suppose -5*h + 4*l - 7 = 0, 5*l + 10 = -4*h + o*l. Determine a(h).
9
Suppose 0 = -3*i + 9, 4*i = -0*l + 5*l + 7. Let h(n) = -n**2 - n + 1. Let c(a) = -a**3 - 3*a**2 - 4*a + 2. Let p(f) = l*c(f) - 6*h(f). Determine p(4).
-12
Let m be -2 - -1 - 2/(-2). Let y(q) = -1 - 2*q + 3*q + m*q. Let n = -25 + 30. Determine y(n).
4
Let k(f) = 11*f**3 + 7*f**2 - 8*f - 10. Let i = 2 + -7. Let z = -8 + 16. Let t(o) = 7*o**3 + 5*o**2 - 5*o - 7. Let a(r) = i*k(r) + z*t(r). What is a(-5)?
-6
Suppose -p + 0 = -1. Let y = 7 - p. Let a(t) = -45*t - 17. Let d(v) = -26*v - 9. Let g(o) = 4*a(o) - 7*d(o). Determine g(y).
7
Suppose 4*c - 46 = -3*o, 4*o - 2*c = 31 + 1. Let t(y) = y**3 - 9*y**2 - 16*y + 15. Give t(o).
-45
Let k be (6/(-15))/((-1)/(-20)). Let w(l) be the second derivative of -l**4/12 - 7*l**3/6 + 2*l**2 + l + 2. Determine w(k).
-4
Let a(h) = -22*h**3 + 2*h**2 + h. Let z be 1*((-2)/5 + 132/(-220)). Determine a(z).
23
Suppose t - 5*t - 16 = 0. Let g(z) be the first derivative of -1/3*z**3 - 7/2*z**2 - 9 - z. Determine g(t).
11
Suppose 6*w = 3 + 3. Let a be -3 + -3 + 3 + 3. Let b(z) = 2*z + z + w + a*z**3 + 1 - 4*z**2 + z**3. Determine b(3).
2
Let c(o) = o**2 + 4. Let r be (-32)/(-6)*(39/2 + -6). Let s be (r/(-60))/(2/(-5)). Give c(s).
13
Let m(f) be the second derivative of f**6/360 + f**5/24 + f**4/3 + 5*f**3/2 - 13*f. Let q(r) be the second derivative of m(r). Determine q(-6).
14
Let u(r) be the third derivative of r**5/60 + 7*r**4/12 + 10*r**3/3 - 10*r**2. Let h be u(-12). Let b(m) = -m**3 - 3*m**2 + 3*m + 2. Give b(h).
6
Let y = 20 - 14. Let u(w) = 7*w**2 - y*w**2 - w + 4 - 2*w**2. Give u(0).
4
Let b(p) be the first derivative of -p**3/3 + 20*p + 39. Give b(0).
20
Let d be 51/15 + (-2)/5. Suppose -v - v + 2*w = -8, -5*w = -4*v + 17. Let l(k) = v - 2 - 5*k + 2. What is l(d)?
-12
Let a(b) = b**2 - 11*b + 7. Suppose 6 = -0*l + 2*l. Suppose 35 = -l*r + 8*r. Give a(r).
-21
Let v(o) = -2*o**3 + 3*o**2 + 3*o - 4. Suppose 13*a - 19*a = 18. Let z(s) = -3*s**3 + 4*s**2 + 4*s - 5. Let y(t) = a*z(t) + 4*v(t). What is y(-2)?
-9
Suppose 0 = -19*p + 23*p - 308. Let c be 22/p + (-23)/7. Let f(y) = -y**3 - 4*y**2 - y - 3. Determine f(c).
-9
Let n(y) = 3*y**2 + 7*y + 11. Let r(b) = -2584*b + 0 + 1 + 2585*b + b**2. Suppose 2*h + 0 = 2. Let x(o) = h*n(o) - 4*r(o). Give x(5).
-3
Let o(t) = 8*t - 2*t - 3 + 1 + 5. Calculate o(-3).
-15
Let x(z) = z**3 - 7*z**2 + 4. Let s be x(7). Suppose 6 = -2*t - k, -2*t = -3*t + 3*k + s. Let f(g) = 13*g**2 + 1 - 2*g + 13*g**2 - 27*g**2. What is f(t)?
1
Let a(u) = u - 16. Suppose 43 + 485 = 66*h. Give a(h).
-8
Suppose 5*d + 2*v - v + 4 = 0, 2*v + 8 = -5*d. Suppose -6*h + 14 + 4 = d. Let l(y) = y**2 + y - 3. Give l(h).
9
Suppose -8*a = -3*a. Suppose 3*i = -k + 2*i + 2, a = 4*k - i - 18. Let l(d) = 1 - 2*d - 5*d + 6*d. What is l(k)?
-3
Let b = 9 + -5. Let s(y) = 8*y + 1. Let u(p) = 9*p + 1. Let t(r) = b*u(r) - 5*s(r). Determine t(2).
-9
Let l(g) = g**3 - 11*g**2 - g + 12. Let b be l(11). Let h(x) be the second derivative of 1 + 3*x + x**3 - b + 4*x. Calculate h(2).
12
Let r(a) = -3*a + 4 - 3*a + 7*a. Let x be r(-6). Let t(l) = 2*l**3 + 3*l**2 + 4*l + 2. Determine t(x).
-10
Let b(p) be the third derivative of p**4/24 + p**3/6 - 156*p**2. What is b(-3)?
-2
Let b(h) = -3*h + 35. Let p(m) = -9*m + 96. Let o(n) = 17*b(n) - 6*p(n). What is o(-6)?
1
Let x(h) = -7*h + 1. Let p be (-3 - 2 - -3)*(-5)/(-5). Let k be p*((-10)/12 + (-12)/(-36)). What is x(k)?
-6
Let p be 114/(-20) - (-42)/(-140). Let d(f) = -f - 3. Let n(h) = -2*h - 5. Let v(t) = 5*d(t) - 3*n(t). Determine v(p).
-6
Let t(u) be the first derivative of -u**2/2 - 143. Determine t(4).
-4
Let h(c) be the third derivative of c**8/10080 - c**7/1680 + c**6/360 + 9*c**5/20 - 9*c**2. Let t(n) be the third derivative of h(n). Give t(3).
11
Let n(z) = -2*z + 13. Let j = 1708 + -1714. Calculate n(j).
25
Let g(v) be the third derivative of -v**5/15 + v**4/12 - v**3/3 - v**2. Give g(-3).
-44
Let a(v) = -2*v**3 - 3*v + 3. Let t(c) = c**2 + c - 1. Let y(x) = -x**3 - 5*x**2 - 5*x + 6. Let s(i) = -6*t(i) - y(i). Let f(h) = a(h) + 3*s(h). What is f(4)?
-5
Let y(p) = 41*p**2 + 5*p + 9. Let u(v) = v - 9. Let o be u(7). Let r(j) = -10*j**2 - j - 2. Let a(s) = o*y(s) - 9*r(s). Give a(1).
7
Let k(a) = -51*a + 0*a**2 - 4*a**2 + 0*a**2 + 3*a**2 + 37*a + 36. Determine k(-17).
-15
Suppose -10*h = -6*h + u + 22, -2*u + 4 = 0. Let c(j) = -j**3 - 7*j**2 - 6*j + 8. Determine c(h).
8
Let l = -821 + 821. Let v(p) be the second derivative of 1/6*p**3 + 7*p + l + 0*p**2. Calculate v(4).
4
Let m(h) be the first derivative of h**4/4 - 20*h**3/3 + 9*h**2 + 11*h + 305. Determine m(19).
-8
Let o(h) = h**2 + 6*h + 4. Let v be (-19 - 3)*1 - 0. Let y = -44 - v. Let d = y - -17. What is o(d)?
-1
Let w(a) = a**2 + 13*a + 22. Let z be (20/(-6))/((-18)/(-54)). Determine w(z).
-8
Let p be 1/(-3)*3*-2. Suppose 0 = -3*v + 6, -y + p*v + 1 = 3*v. Let u(d) = 6*d + 1. What is u(y)?
-5
Let u be 1 + (2 - (8 - 1)). Let y(k) = k + 1. Let x(v) = 3*v + 2. Suppose -10 = -2*f + 3*f + o, 3*f - 5*o = 2. Let m(g) = f*y(g) + x(g). Determine m(u).
8
Suppose -56 = -2*f + r, -64 - 32 = -4*f - 2*r. Let z = -31 + f. Let o(j) = -j**3 - 4*j**2 + 4*j + 7. Determine o(z).
12
Let r(d) = -d**3 + d + 2. Let p(b) = b - 8. Let c be p(-7). Let m be (5/c)/((-1)/24). Let g(z) = 2*z - 14. Let k be g(m). Give r(k).
-4
Suppose 5*d + 3*b + 66 = 0, 0 = -2*d - 0*b - 3*b - 30. Let p be (-7)/(-21)*d/2. Let l(o) = o**2 + 2*o - 1. Determine l(p).
-1
Let j(o) be the third derivative of o**5/60 - 5*o**4/12 + 5*o**3/6 + 12*o**2 + 1. Let f be (45/10)/(3/6). Determine j(f).
-4
Let u(r) = -r**3 + 13*r**2 + 8*r + 1. Let h(a) = a**3 - 14*a**2 - 8*a - 1. Let y(n) = 6*h(n) + 7*u(n). Let t be 5 - (1/((-4)/3))/((-129)/(-516)). Give y(t).
1
Let h(a) = -a**3 - 7*a**2 - 4. Let y = 23 + -25. Let b(n) = 3*n**3 + 22*n**2 + 11. Let v(d) = y*b(d) - 7*h(d). Calculate v(-5).
6
Let n(s) = -22*s**2 + 1 - 646*s**3 + 21*s**2 + s + 643*s**3 - s. Calculate n(2).
-27
Let x be 5*(82/(-451) - 18/22). Let i(v) = v + 6. Calculate i(x).
1
Let l(m) be the third derivative of m**5/40 + m**4/12 + 3*m**3/2 - 24*m**2. Let n(u) be the first derivative of l(u). Give n(-3).
-7
Let c(x) = 5*x + 2*x - 12*x - 5*x - 13*x. What is c(-1)?
23
Let n(z) = -9*z - 2*z**2 + 4*z + 1 + 2*z + z. Determine n(1).
-3
Let h = -14 - -8. Let v(c) be the third derivative of -17*c**2 + 0 + 1/10*c**5 + 1/12*c**4 + 0*c + 1/120*c**6 + 4/3*c**3. Determine v(h).
-4
Suppose 0 = 4*h + 4*c - 16, -c = 2*h - 3*c. Suppose p + 6 = -2*y, 3*p + 7 = h*y + 3*y. Let o(m) = -9*m**3 - 2*m**2 + 1. Determine o(y).
8
Let y be 2*(-76)/57*(-18)/(-16). Let k(n) = n**2 + 5*n + 2. What is k(y)?
-4
Suppose 26*r + 64 = 10*r. Let a(p) = p**3 + 3*p**2 - 6*p - 5. Calculate a(r).
3
Let a(d) = d**2 + 5*d. Suppose 0 = 11*g + 84 - 40. What is a(g)?
-4
Suppose -2*o = 4*n + 136, 2*o - 170 = 5*n - 2*o. Let f = -28 - n. Let j(w) = -w**2 + 4*w - 2. Give j(f).
-14
Let y be ((-12)/10)/(244/3050). Let h(t) = t**3 + 15*t**2 + 4*t + 62. Give h(y).
2
Let m(k) = 2*k - 5*k + 3*k**2 - 1385 + 1388. Determine m(2).
9
Let l(w) = 3*w - 20. Let p be l(6). Let r(j) be the first derivative of j**3/3 + 3*j**2/2 - j + 30. Calculate r(p).
-3
Suppose 2 = b - 6*b + 3*y, 2*y = 3*b + 2. Let z(c) = 37 - 14 - c - 21 + c**b. What is z(4)?
14
Suppose 9*g = 5*g - 16. Let i(s) = -70 + 36 + s**3 + 35 + s + 4*s**2 + 0*s. Give i(g).
-3
Let h(j) = -2*j - 6. Suppose 0 = 16*t - 10*t + 30. Calculate h(t).
4
Let q(m) = -m**2 + 7*m + 4. Let v(b) = -b**3 - 28*b**2